w) = 10*w**2 + 4*w - 3. Let x = -126681 - -126711. What is the remainder when c(2) is divided by x?
15
Let i = 489 - 429. Calculate the remainder when 20/i*(196 - (-5 + 3)) is divided by 6.
0
Suppose 34*g - 36*g - 2*d + 362 = 0, -2*g + 353 = 5*d. Calculate the remainder when 550 is divided by g.
182
Suppose -3*u = -2*u + 4*w + 13, -31 = -5*u + 4*w. Suppose 14*z - u*z - 1584 = 0. What is the remainder when z is divided by 75?
69
Suppose -5*o - 247 = -2*v + 375, -1244 = -4*v - 5*o. Suppose -2*l - 108 = 592*r - 593*r + 3*l, -l - 6 = 0. Calculate the remainder when v is divided by r.
77
Let k(g) = g**3 + 8*g**2 - 8*g - 3. Let d be k(-9). What is the remainder when 70 is divided by (27/d)/((-99)/24 - -4)?
16
Let l = -165 + 110. Let j = l - -84. Calculate the remainder when 114 is divided by j.
27
Let b = -10156 - -10193. Calculate the remainder when 229 is divided by b.
7
Suppose -22*o + 24*o = d + 92, 46 = o - 2*d. Suppose t - 2*q = o, 3*q + 11 = t - 32. What is the remainder when 100 is divided by t?
48
Suppose -3 - 1 = 2*h. Let t = -7745 - -7747. What is the remainder when 59 is divided by 31 + h/1 + t?
28
Let r = -33 + 47. Let q(z) = -z**3 - 8*z**2 - 2*z - 8. Suppose p = 8 - 16. Calculate the remainder when r is divided by q(p).
6
Let r(m) = m**2 + 24*m - 208. Let h = -100 + 149. Suppose 2*k = -3*s + h, -k + 9 = 4*s - 48. Calculate the remainder when r(8) is divided by s.
9
Let r = 74507 - 74368. Let z(s) = s + 7. What is the remainder when r is divided by z(7)?
13
Suppose 703 = 2*y + 5*o, 347 = 2*y - 5*o - 386. Let c = y + -332. What is the remainder when c is divided by 14?
13
Let c(o) = o + 20. Let j(k) = -58*k - 3. Calculate the remainder when j(-1) is divided by c(-1).
17
Let u(y) = 142*y - 17. Let x be u(2). Let f = x - 226. Let g(m) = m**2 + m - 7. What is the remainder when f is divided by g(-6)?
18
Suppose -f + 4*g = -525, -98*f + 103*f - 2565 = 5*g. Calculate the remainder when f is divided by 132.
113
Let z(l) be the third derivative of 2*l**5/3 + l**4/8 - l**3/3 - 6*l**2. Let v be (0 + 3)*4/12*1. Calculate the remainder when z(v) is divided by 9.
5
Let n(t) = t**2 - 19*t + 34. Let o be n(17). Let x be o/2*(-9)/(-18). Suppose x = 7*l - 11*l + 32. Calculate the remainder when 15 is divided by l.
7
Suppose 62*z - 137*z = -59*z - 112. What is the remainder when 2326 is divided by z?
2
Let v = 6361 + -5026. Calculate the remainder when v is divided by 31.
2
Suppose -3 = t, 4*v - 65 = -21*t + 24*t. Calculate the remainder when (-10 + 8)*(4030/(-4))/5 is divided by v.
11
Let a(v) = 2*v**2 + 17*v + 42. Suppose -3*b + b - 4*d = -26, 3*b - 25 = d. Calculate the remainder when a(-8) is divided by b.
7
Let w = -26 + 26. Suppose -2*d + w*p + 159 = -p, p = d - 77. Let m = d - 65. What is the remainder when 82 is divided by m?
14
Let g(f) = -f**3 - 10*f**2 + f + 75. Calculate the remainder when g(-10) is divided by 4*((-86)/(-40) - (-6)/10).
10
Let i(n) = -76*n - 11140. Suppose -r + 111 = -2*g, 3*r + 0*r + g = 326. What is the remainder when r is divided by i(-147)?
13
Let q(b) = b**3 - 4*b**2 + b + 4. Let n be q(-3). Let s = n - -85. Calculate the remainder when 44 is divided by s.
21
Let n(x) = -2*x + 13. Let p be n(-4). Suppose 0 = -p*r + 16*r + 135. Let f(k) = -k**3 + 4*k**2 + k + 3. Calculate the remainder when r is divided by f(3).
12
Let a(t) = -t**2 - 27*t - 9. What is the remainder when a(-8) is divided by 64?
15
Let d = -574 + 572. Calculate the remainder when 47 is divided by (-76 - -26)*d/4.
22
Calculate the remainder when 8/28 + 127424/112 is divided by 9.
4
Suppose -14*v + 2993 = 1966 - 2935. What is the remainder when v is divided by 11?
8
Let b be (-39 - -5) + (-8)/2. Let t = -40 - b. Let j(c) = -c**3 - c**2 - 3*c + 2. What is the remainder when 81 is divided by j(t)?
9
Suppose -2*j - 2*d = -152, -5*j + 25 = 4*d - 355. Suppose c - j = 3*x, 9*x - 6*x = 4*c - 295. Calculate the remainder when c is divided by 37.
36
Suppose 0 = -3*w - 249 - 483. Calculate the remainder when w/(-4) - (-3 - 30/(-5)) is divided by 21.
16
Let q = -41218 + 41480. Calculate the remainder when q is divided by 158.
104
Let i = -19248 + 19306. Let k = -17 + 27. Calculate the remainder when i is divided by k.
8
What is the remainder when (-3)/((-6)/(-1)) + 14842/4 is divided by 29?
27
Let b = 5 - 7. Let g(t) be the second derivative of 3*t**4/4 - t**3/6 - t**2/2 + 141*t. Calculate the remainder when g(b) is divided by 14.
9
Let v = -139 + 468. Suppose 324*h = v*h - 150. What is the remainder when h is divided by 1?
0
Let o = -31535 - -31556. Let l(j) = 12*j**2 - 2*j + 1. What is the remainder when l(3) is divided by o?
19
Let h(r) = 4*r**2 + 3*r + 12. Let n(v) = -v**2 - 1. Let z = -37 - -40. Let g(d) = z*n(d) + h(d). What is the remainder when g(-9) is divided by 33?
30
Suppose -2*y + 182 = -10*i, 15*y - 10*y - 428 = -2*i. What is the remainder when 5070 is divided by y?
82
Let m(j) = 100*j - 3632. Calculate the remainder when m(43) is divided by 5.
3
Suppose -2*b = -v + 3, -2*v + 2*b + 0*b = -12. Let j = -127 - -126. Calculate the remainder when v is divided by (-5 - (-40)/5) + j + 3.
4
Let h(b) = b**3 - 8*b**2 - 17*b + 11. Let j(p) = -p**3 + 16*p**2 - 37*p - 15. Let m be j(13). Calculate the remainder when h(m) is divided by 48.
43
Let q(k) = -k**2 - 21*k + 54. Let u be q(-22). What is the remainder when 0 - 466/(-14) - u/112 is divided by 22?
11
Let c = 163 + 19. Let x(m) = 2*m**3 + 939*m**2 - 383*m + 40949. What is the remainder when c is divided by x(-470)?
5
Let b be ((-14)/(-14))/(1/3). Let g be ((-119)/14)/(2/(-4)). Suppose -2*w = -b*w + g. Calculate the remainder when 33 is divided by w.
16
Suppose 9*s = 118*s + 100806 - 651583. What is the remainder when s is divided by 64?
61
Let s(y) = y**2 + 42*y - 40. Let n be s(-38). Let k = 41 - n. Calculate the remainder when k is divided by 62.
47
Let l be 1/(-2) + 4 + 595/(-14). Let u(g) = g**3 + 40*g**2 + 37*g - 26. What is the remainder when u(l) is divided by 39?
13
Let s(m) = m**2 - 23*m - 47. Let q = 92 - 67. Let t(g) = -g**3 - 9*g**2 + 3. What is the remainder when s(q) is divided by t(-9)?
0
Let v(s) = -s**2 - 180*s + 37. Calculate the remainder when v(-7) is divided by 140.
128
Let s(i) = i + 35. Suppose 3*h = -5 - 34. Let b(p) = p**3 - 16*p**2 + 5*p - 17. Calculate the remainder when b(16) is divided by s(h).
19
Let l be 3 + 3 + -3*8. Calculate the remainder when 1/(12/6720*10) is divided by (40/(-6))/(6/l).
16
Suppose -2*r = 5*g + 16 - 7, -g + 5*r = -9. Let u(l) = -42*l**3 + 2*l**2 + 4*l + 3. What is the remainder when u(g) is divided by 25?
18
Suppose 481*q - 478*q - 24 = 0. Suppose 0 = -q*d + 4*d + 228. Calculate the remainder when d is divided by 17.
6
Let z(h) = -11209*h**3 + 4*h**2 - 349*h - 351. Calculate the remainder when z(-1) is divided by 126.
123
Let r = 24 - 6. Let t = -8990 - -5586. Calculate the remainder when t/(-32) + (-6)/16 is divided by r.
16
Let n = 438 + -364. What is the remainder when n is divided by 43?
31
Suppose -3*w + 18 + 24 = 0. Let a = 75 - 73. Suppose a*h + 0*h - 54 = 0. Calculate the remainder when h is divided by w.
13
Suppose 0 = 4*x - 20, 4*y - 2*y = 3*x + 857. Suppose g - y = -109. What is the remainder when g is divided by 41?
40
Let j(t) = -2*t**3 - 2*t + 1. Let l be j(1). Calculate the remainder when (118 - l) + -7 + 6 is divided by 64.
56
What is the remainder when (-1843)/114*-318 - -5 is divided by 46?
40
Suppose -5*q + 50 = 5*n, -4*q + 4 = -29*n + 27*n. Calculate the remainder when 22 is divided by 14*((-76)/14 + n).
6
Suppose -o = -4*z + 10, 3*z + 3*o + 2 = -o. Suppose -z*y + 62 = -0*y. Calculate the remainder when y is divided by (-43554)/(-2737) - (-4)/46.
15
Suppose 0 = s + 2*b - 88, b - 6 = -b. Let i be 0 - -6 - (17/(-17) - -4). Calculate the remainder when 104 is divided by s/i - 5/15.
23
Let i(o) = -4*o**3 + o**2 - o + 8. What is the remainder when i(-4) is divided by 94?
2
Let j(m) = -8 - 48*m - m - 15*m**2 - m**3 + 22*m. Let g be j(-13). Suppose -o - 2*n + 7 = -3*n, g*o - n = 39. What is the remainder when o is divided by 4?
0
Let c(d) = d**2 + 4*d - 10. Let s be c(-6). Suppose 0*j = 5*n + s*j + 73, -2*j = n + 13. Let a = n + 28. Calculate the remainder when 37 is divided by a.
11
Let d(j) = -6*j + 66. Let h be d(14). Calculate the remainder 